1 prime?
False
Is 14931388247 composite?
True
Is 38873820343 prime?
True
Is 30492678262 a prime number?
False
Is 17563919 a composite number?
False
Is 4981270358 a composite number?
True
Is 69614240159 a prime number?
True
Is 228036142007 a prime number?
True
Is 9357615959 a prime number?
True
Is 20168231 a composite number?
False
Is 143043421387 prime?
False
Is 2857451539 a prime number?
True
Is 53228459833 prime?
False
Is 19000340339 composite?
False
Is 209694103 composite?
False
Is 5257365241 a composite number?
False
Is 240471181 a prime number?
False
Is 9382475113 a composite number?
True
Is 23359912987 a prime number?
True
Is 505811351 a composite number?
False
Is 667592657 a composite number?
True
Is 1118569657 composite?
True
Is 834411029 a prime number?
True
Is 22901445991 composite?
True
Is 6427167211 a composite number?
False
Is 22705681827 a composite number?
True
Is 696477791 a composite number?
False
Is 620736178 composite?
True
Is 274773089 composite?
True
Is 14922722267 prime?
True
Is 27693154613 a composite number?
False
Is 7014589799 composite?
True
Is 3720535699 prime?
True
Is 1329793849 a prime number?
False
Is 32826543835 a composite number?
True
Is 4247279193 a composite number?
True
Is 30155506223 prime?
True
Is 125263353 prime?
False
Is 232138423 a composite number?
True
Is 5358376315 a composite number?
True
Is 2660068949 composite?
True
Is 26716949863 prime?
True
Is 25427037941 composite?
True
Is 309572707 a composite number?
True
Is 46304996411 prime?
False
Is 3178042183 composite?
True
Is 149025839 a prime number?
True
Is 13801755566 prime?
False
Is 45740882971 a composite number?
True
Is 362221619 a composite number?
False
Is 512692261 a prime number?
False
Is 83991361 composite?
False
Is 1629158099 prime?
True
Is 1127218721 prime?
False
Is 75325315033 a composite number?
False
Is 92924319833 a composite number?
False
Is 700146520301 a prime number?
True
Is 95307540607 a prime number?
True
Is 18435851047 a composite number?
False
Is 32575679 a prime number?
False
Is 411463313 prime?
True
Is 2966832101 composite?
True
Is 22178331899 composite?
False
Is 322820027 prime?
True
Is 54013346819 a composite number?
True
Is 52406825143 composite?
False
Is 11926155415 a prime number?
False
Is 62587804763 a composite number?
True
Is 285216661 a prime number?
True
Is 5281246423 a composite number?
True
Is 809032801 prime?
True
Is 21786544373 composite?
True
Is 42668259103 a composite number?
False
Is 1760038165 a prime number?
False
Is 1772433371 composite?
True
Is 2572825421 a composite number?
False
Is 1816675409 prime?
True
Is 7540736449 prime?
True
Is 43923388009 prime?
False
Is 11127786809 prime?
True
Is 799029931 a prime number?
False
Is 10844913017 composite?
False
Is 2654402347 a composite number?
False
Is 4993860707 composite?
True
Is 559124177 a prime number?
False
Is 1157108959 a composite number?
True
Is 4982491751 composite?
True
Is 38669639147 composite?
True
Is 43438934059 a prime number?
False
Is 265163131517 prime?
True
Is 1716923371 a composite number?
False
Is 3680981147 a composite number?
False
Is 23880487 a composite number?
False
Is 16907593693 prime?
False
Is 270788303917 composite?
False
Is 2484121553 prime?
True
Is 110905931 a prime number?
False
Is 117080653 prime?
True
Is 3699146929 a composite number?
True
Is 1689274199 a composite number?
False
Is 76787811823 composite?
False
Is 837121609 a composite number?
False
Is 2773302118 prime?
False
Is 16412264893 a composite number?
False
Is 736338389 composite?
False
Is 18433232747 a prime number?
False
Is 414522139 composite?
False
Is 495981289 a composite number?
False
Is 53095219577 composite?
True
Is 23542213759 prime?
True
Is 1826644009 a composite number?
True
Is 9411697039 a composite number?
False
Is 589261927 prime?
True
Is 3252420277 a composite number?
True
Is 1226939053 a prime number?
False
Is 12907558831 a prime number?
False
Is 4315754171 prime?
True
Is 126507357017 prime?
True
Is 23775044749 prime?
False
Is 9711978469 a prime number?
True
Is 255350971 a composite number?
False
Is 4172896589 composite?
False
Is 859718513 a composite number?
True
Is 2047276481 prime?
True
Is 11255323957 prime?
False
Is 466348733 a prime number?
True
Is 696527609 prime?
False
Is 15536123201 prime?
True
Is 1774135157 a composite number?
False
Is 2034944867 a composite number?
False
Is 3378665117 composite?
False
Is 1640453181 prime?
False
Is 1800383917 a prime number?
True
Is 9162942571 a prime number?
True
Is 6829479413 prime?
False
Is 1594197497 a prime number?
True
Is 34886141747 prime?
True
Is 11488036309 a composite number?
False
Is 866916007 a prime number?
True
Is 3473041249 prime?
False
Is 18758023233 composite?
True
Is 1767837283 a prime number?
True
Is 22046170547 prime?
False
Is 1047765611 a prime number?
False
Is 1010186033 composite?
True
Is 48323431659 a composite number?
True
Is 9265945739 composite?
True
Is 1924363019 a prime number?
True
Is 93432080057 prime?
True
Is 83533890751 composite?
True
Is 2443500442 prime?
False
Is 9865291213 prime?
True
Is 156737171 a prime number?
True
Is 80821988659 a composite number?
True
Is 3639110753 prime?
True
Is 1940007623 a composite number?
True
Is 572963 a prime number?
True
Is 103475714621 composite?
True
Is 951331207 a composite number?
True
Is 46981576777 a composite number?
False
Is 592948019 prime?
True
Is 105583788811 a composite number?
False
Is 41494403 a prime number?
True
Is 39966923 a composite number?
True
Is 24399123989 composite?
True
Is 1117289783 a prime number?
False
Is 35685187 composite?
True
Is 2511181697 a prime number?
False
Is 5931802133 a composite number?
False
Is 83175359 a prime number?
True
Is 6752824621 composite?
True
Is 2122402957 a composite number?
True
Is 58745216813 composite?
True
Is 187202188007 a composite number?
True
Is 4107246729 a prime number?
False
Is 41439140179 a composite number?
False
Is 86916001 a composite number?
True
Is 14732302843 composite?
False
Is 75008686835 a prime number?
False
Is 11266275277 a prime number?
False
Is 11984146157 composite?
False
Is 309252667 prime?
True
Is 5447896271 a composite number?
False
Is 2245807061 a prime number?
True
Is 542739803 a composite number?
True
Is 258426513989 composite?
True
Is 8132537641 a prime number?
False
Is 66019628869 composite?
False
Is 15554213263 composite?
True
Is 1437992011 composite?
False
Is 2355745297 composite?
False
Is 241857023 a composite number?
True
Is 17495351437 prime?
False
Is 490819579 a composite number?
False
Is 48441520419 composite?
True
Is 1056411921 a composite number?
True
Is 1726042105 a composite number?
True
Is 548566145 a prime number?
False
Is 123511133761 a prime number?
False
Is 52251787837 a prime number?
True
Is 594826693 prime?
False
Is 592260353 a prime number?
False
Is 7301872829 a prime number?
True
Is 7418930257 composite?
False
Is 4210035007 a composite number?
True
Is 2032764421 a composite number?
False
Is 35336555957 composite?
False
Is 26135337749 prime?
True
Is 175967057267 prime?
True
Is 1241342797 composite?
True
Is 341562257 a composite number?
True
Is 15679006097 a prime number?
True
Is 5660008327 composite?
False
Is 2269007837 a composite number?
True
Is 8048407271 composite?
True
Is 5398179317 a prime number?
True
Is 1871107291 composite?
False
Is 189435014869 prime?
False
Is 54178606793 prime?
True
Is 704444567 a composite number?
True
Is 5216627 a prime number?
False
Is 19563299843 prime?
True
Is 11074066867 prime?
True
Is 4524785903 composite?
True
Is 184262381 composite?
False
Is 23504236417 prime?
False
Is 31889559518 a prime number?
False
Is 14972254537 prime?
True
Is 213797123 composite?
True
Is 626167807 a composite number?
False
Is 23029606499 a composite number?
True
Is 107973097 a prime number?
True
Is 189076081 prime?
False
Is 9782243879 a composite number?
True
Is 8737436921 prime?
True
Is 6667729273 a prime number?
False
Is 1141076801 a prime number?
True
Is 13451454503 prime?
True
Is 14700071669 prime?
False
Is 60574716991 a prime number?
True
Is 2671804061 prime?
True
Is 236266961 prime?
False
Is 20010519597 prime?
False
Is 31355525947 prime?
True
Is 42097783211 composite?
True
Is 2423862349 composite?
True
Is 16800853879 a prime n